 3 - 7*p**3 - 4*p + 10*p**2. Calculate x(5).
2
Let n(v) = v**3 + 6*v**2 + v + 8. Let k be n(-6). Let f(o) = -3*o**k - 2*o**3 - 3*o + 3*o**3 + 2 + 0*o. Let u be -4*(-1)/2*1. Determine f(u).
-8
Let z(s) = s + 1. Let g(t) = -t**3 + 4*t**2 + 10*t + 2. Let f(k) = -g(k) + 4*z(k). Suppose 4*u - 10 - 10 = 0. Calculate f(u).
-3
Let q(k) be the second derivative of 7*k**4/12 + k**3/6 + k**2/2 - 2*k. Calculate q(-1).
7
Let w be 4/(-14) + (-48)/(-21). Suppose 2*k - 6 = -4*u, 7 = k + w*u - 4*u. Let z(c) = -c**2 + 5*c - 5. What is z(k)?
-5
Let x(l) be the second derivative of l**4/12 - 2*l**3/3 + l**2 + 3*l. What is x(4)?
2
Let a(n) = n**2 + 4*n - 6. Suppose -6*w = -3*w + 3. Let q be ((-8)/6)/(2/(-3)). Let y be (-5 + q + 8)/w. Calculate a(y).
-1
Let b(y) be the second derivative of y**3/6 - y**2/2 + y. Let x be (104/91)/((-4)/(-14)). Calculate b(x).
3
Let x(a) = -3*a**3 - a**2 + 6*a + 2. Let q(b) = -b**3 + b + 1. Let r(g) = 2*q(g) - x(g). Let l be 3/(-9) + 38/6. Suppose 0 - l = 2*m. Give r(m).
-6
Let o(f) = 5 + 8*f**2 + 6*f**2 + 8*f - 15*f**2. What is o(8)?
5
Let u(f) be the third derivative of -f**5/60 + f**4/24 + 5*f**3/3 + 29*f**2. What is u(0)?
10
Let k(b) = 7*b**2 + 10*b + 8. Let i(c) = 6*c**2 + 9*c + 7. Let j(d) = -6*i(d) + 5*k(d). Give j(-4).
-2
Let c(z) = 11*z**2 + 4*z + 5. Let r(v) = -5*v**2 - 2*v - 2. Let o(g) = 4*c(g) + 9*r(g). Suppose -55 + 11 = 11*l. Determine o(l).
-6
Let y(i) = -i**3 - 3*i**2 + 6. Let p(l) = 5*l**3 + 16*l**2 - 30. Let v(x) = 2*p(x) + 11*y(x). Let z = 2 + -1. Let n be (1 - (0 + z))/(-2). Give v(n).
6
Let s(b) = 0*b - 2*b - 12*b**2 + 11*b**2 + 6 - 2. What is s(3)?
-11
Let w(r) be the first derivative of r**4/12 + r**3/2 - r**2/2 - 1. Let s(l) be the second derivative of w(l). Let b = -44 + 41. Calculate s(b).
-3
Let t(k) = k**2 - 9*k - 2. Let h be 0/6 + 8 - 1. Determine t(h).
-16
Let q = 41 - 40. Let f(y) be the second derivative of -y**4/3 - y**3/6 - y. Let p be f(q). Let m(t) = t**3 + 6*t**2 + 5*t - 1. Calculate m(p).
-1
Let t(k) = -15*k + 2. Let q(o) = 23*o - 3. Let p(m) = -5*q(m) - 8*t(m). Let g = -4 + 6. What is p(g)?
9
Let y(f) = 16*f**2 + 4*f - 4 + 2 - 15*f**2. Determine y(-5).
3
Let s(x) = 2*x - 1. Let n be (-43)/(-9) + (-10)/(-45). Suppose 0 = n*p - p. Let g be 2 - p*2/6. What is s(g)?
3
Let h(s) = s**3 + 7*s**2 + 7*s + 5. Let a be h(-6). Let p(t) = 7*t + 2. Let q(m) = 21*m + 7. Let y(x) = -7*p(x) + 2*q(x). Determine y(a).
7
Let f(i) = i**2 + 6*i. Let w be (185/(-20))/((-2)/8). Suppose -11 = 2*o - 3*o + 4*l, 3*o + 2*l = -w. Let p = -14 - o. Determine f(p).
-5
Let p(u) = -3 - u**2 + u + 0*u + 1. Let y be (-1)/(-6)*3*2. Suppose 2*f - 5 = -y. Give p(f).
-4
Suppose 4*x = x + 48. Suppose 5*s = 15, -6*r + r - 3*s = x. Let v be r/(-1) + 1 + -1. Let q(z) = -z + 4. What is q(v)?
-1
Let v be (-41)/(-13) - (-2)/(-13). Let a(u) = 2*u + 5*u - 7*u - u + v. Give a(-5).
8
Let w(g) = -3*g + 3. Let r(d) = -d. Let k(x) = r(x) - w(x). Calculate k(4).
5
Let o be 1/(-3) + 37/3. Let x be (o/10)/((-12)/(-40)). Let j(d) = 2*d + 2. Determine j(x).
10
Let n(m) = m**2 - 3*m - 4. Let g(s) = 18*s**2 + s - 1. Let k be g(1). Suppose 4*h + 2 - k = 0. Calculate n(h).
0
Let s(a) = -3*a + 19. Let w(u) = -u + 6. Let b(m) = -2*s(m) + 7*w(m). Calculate b(6).
-2
Let b = 11 + -6. Let x(l) = -2 + b*l + 6 - 1 + 2*l**2. Suppose 0 = q - 6*u + u + 18, -3*u + 6 = q. Determine x(q).
6
Let p(t) = 4*t. Let q be p(6). Let o(k) = 44 - 20 - q - 4*k. What is o(-1)?
4
Let b(f) = -f**2 + 6*f - 6. Let x(z) = -5 + 3 + 1 + 5*z. Let d be x(1). What is b(d)?
2
Suppose -3 = -2*j + s, 4*s - 3 = -j + 3*s. Suppose -3*w = j*w - 20. Let o(a) = -w*a - 4*a**2 + a**3 + 3*a - 3*a. What is o(5)?
5
Let w(b) be the first derivative of 1/4*b**4 + b**3 - b - 3/2*b**2 + 3. Give w(-3).
8
Let u(b) = -b - 10. Suppose 6 = -0*z + 2*z. Suppose -w = z*w. Suppose w*v + 5 = -2*v + 5*n, 5*v = 3*n - 22. Determine u(v).
-5
Let r(i) = -i**2. Let j(m) = 9*m**2 - m + 1. Let z(y) = -j(y) - 2*r(y). What is z(1)?
-7
Let s(v) = 14*v**3 + 5*v**2 - 6*v + 17. Let f(g) = -5*g**3 - 2*g**2 + 2*g - 6. Let a(k) = -11*f(k) - 4*s(k). Let y(i) = i + 49. Let h be y(-47). Give a(h).
2
Let s(l) = l**3 + l**2 + l - 16. Suppose 0 = -4*g - 2*d - 2*d + 8, -3*g + 4 = 2*d. Determine s(g).
-16
Let u(j) = -5*j**2 + 2*j - 4. Let y(s) = -9*s**2 + 4*s - 9. Let w(d) = 7*u(d) - 3*y(d). Suppose h = -4*h + 5. Calculate w(h).
-7
Let n(i) = -4*i**3 + 2*i**2 - 2*i + 1. Let k(q) = q**3 - 4*q**2 - q + 5. Let p be k(4). Give n(p).
-3
Let s(p) be the first derivative of p + 1/4*p**4 + 5/2*p**2 - 7/3*p**3 - 2. What is s(6)?
-5
Let w = -9 - -13. Suppose w*x - 2 = 18. Let k(a) = a**2 - 4*a - 5. What is k(x)?
0
Let y(h) = 3*h**2 + 1. Suppose 2*u + 1 = 3. Let x = u + -2. What is y(x)?
4
Let p(w) = -w**3 - 4*w**2 + w - 3. Let l be (1 - 0)*17*1. Suppose -5*j - 2*c = 18, 6*j + l = 2*j + c. Calculate p(j).
-7
Let o(k) be the first derivative of k**3/3 + k**2/2 - 2*k + 58. Determine o(0).
-2
Let f(z) be the first derivative of -4 + 0*z - 1/2*z**2 - 4*z**3. Determine f(-1).
-11
Let u(y) = -y + 1. Let m be 3*-2*(-2)/(-12). Let l = m - -3. What is u(l)?
-1
Let a(m) = -1. Let u be (12/(-8))/((-2)/(-8)). Let r(g) = g + 12. Let y(l) = u*a(l) - r(l). Calculate y(0).
-6
Let k = -5 + 5. Suppose k = 4*g - 4*z - 32, -2*g = -7*g + 4*z + 35. Let a(i) = -i + 3*i + 2 + g - i. Calculate a(4).
9
Let r be 5/(-7) + (-2)/7. Let m be 2/r - (4 - 8). Let a(o) = -o**2 - 2*o - o + 0*o**m + 4. Determine a(-5).
-6
Let t be (-2)/(-7) - 46/14. Let b be ((-2)/4)/(t/30). Let c(l) be the third derivative of l**4/12 - 7*l**3/6 - 3*l**2. Determine c(b).
3
Suppose 5*o + 12 = o. Let p(g) = g - 1. Let i(m) = 4*m - 24. Let q(w) = 3*w - 16. Let f(j) = 5*i(j) - 8*q(j). Let k(v) = -f(v) - 5*p(v). Give k(o).
0
Let b(g) = -g**2 + 7*g + 2. Let a be b(7). Suppose -2*u - 12 = -a*x - 0*u, -x - u = 4. Let r(w) = 3*w - 1. What is r(x)?
2
Suppose 4*n = 2*v - 10, -4*v - 20 = -4*n + 6*n. Let b(w) = w**3 + 2*w**2 + 1. Give b(v).
-8
Let h(d) = 3*d - 3. Let b(f) = -2*f + 2. Let x(u) = -7*b(u) - 5*h(u). What is x(-7)?
8
Let t(c) = 4 + 1283*c**3 - 1282*c**3 - 7*c**2 - 3. Calculate t(7).
1
Let d(r) = 3. Let s(y) = 1. Let t(v) = d(v) - 4*s(v). Let j(u) = -u**2 - 4*u + 1. Let w(q) = -j(q) + t(q). What is w(-5)?
3
Let d(r) = r**3 - 6*r**2 + r - 7. Let o be d(6). Suppose -3*f + 10 = 2*f. Let l(x) = 1 + 2*x**3 + 2*x + 5*x**3 - x + x**f. Give l(o).
-6
Let d(f) be the third derivative of 0 + 0*f + 2/3*f**3 + 0*f**4 + 6*f**2 - 1/60*f**5. Calculate d(3).
-5
Let d(h) = -h**3 + 5*h**2 - 2. Suppose -v + 5*r = -4*v + 21, 5*v + 5*r - 25 = 0. Suppose -v*b + 5 = -b. Determine d(b).
-2
Let i(j) = -j + 8. Let n = 6 - 15. Let y = -45 - -31. Let r = n - y. What is i(r)?
3
Let g(x) = x**3 - 5*x**2 + x - 5. Let u = 93 - 66. Let h be (-1)/1*(-3 - 2). Let p be u/h + 2/(-5). Give g(p).
0
Let j(g) be the first derivative of g**3/6 - 2*g**2 + g + 1. Let y(i) be the first derivative of j(i). Let h be -4*((-28)/8 - -3). Give y(h).
-2
Let m(t) = t + 1. Let h = -5 - -4. Give m(h).
0
Let l(w) = w + 6. Let s(o) = 8*o + 5. Let j(n) = 39*n + 24. Let b(g) = -5*j(g) + 24*s(g). Let k be b(-1). Let i be 0/(k + -4 - 1). Determine l(i).
6
Let p(k) = -k - 4. Suppose 2*q = -5*y + 5*q - 92, q = 2*y + 36. Let r = y - -12. Give p(r).
0
Suppose -5*w - 3*f + 6 = -5*f, 0 = 4*w - f - 3. Let d(v) be the third derivative of -v**4/24 + v**3/2 - 7*v**2. Give d(w).
3
Let q(b) be the second derivative of b**4/12 - b**3 + b**2/2 + 6*b. Let m be (6/(-4))/((-3)/4). Suppose m*v - 2 - 6 = 0. Give q(v).
-7
Suppose -6*b + 4 = -2*b. Let w be b*(4 + -3)*3. Let i be 2 - (w - (0 - -1)). Let y(a) = a**3 - a**2 + a - 3. Give y(i).
-3
Let m be (12/(-10))/(10/(-25)). Let s(u) = 7*u**2 + 0*u**m + u**3 + 5*u + 2*u + 8. Determine s(-6).
2
Suppose 2*s - 5 + 1 = 0. Let g(i) = 6*i - i**s - 3 - i - i. Let q be (-4)/(-2) + (2 - 2). Calculate g(q).
1
Let v(n) = -n**3 + 3*n**2 + 11*n - 6. Let d be v(5). Let o(s) = 3*s + 1. What is o(d)?
-2
Let q(m) = m**2 - 3*m + 3 - 9 + 9. Determine q(2).
1
Let q(y) = -1 + 10*y - y - 4*y. Suppose -2*z + 3*z + 1 = 0. Calculate q(z).
-6
Let k be 4/3*6/(-2). Let a(y) = -y + 10. Let o be a(8). Let g(u) = o*u**2 - 5*u**2 - 2*u - 3*u**2 + 3 + u**2 - u**3. Calculate g(k).
-5
Let t(m) = -3*m - m - 4 - 1 - 1. Let a(d) = 4*d + 7. Let c(p) = -p**2 - 7*p - 6. Let q b